 d.
11
Let x be (-12)/(-9) + 6/9. Suppose -f + 0*o - 3*o = -7, -f + x*o = 13. Let t be 8/(-10) + (-94)/f. Calculate the highest common divisor of t and 108.
18
Suppose 5*c - 6*t = -7*t + 120, -5*c + 120 = 4*t. What is the greatest common divisor of 1128 and c?
24
Suppose j - 5*h - 8733 = 0, -j + 166*h = 163*h - 8721. What is the greatest common factor of j and 9?
9
Suppose 0 = 3*k + 2*k + 3*v - 451, -3*v - 377 = -4*k. Suppose 3*n + k = 6*n + 2*u, -5*n + 2*u = -148. Calculate the greatest common factor of n and 30.
30
Let h(q) = 21*q**2 + 82*q - 50. Let l be h(-6). Calculate the greatest common factor of 1391 and l.
107
Suppose -8*m = -425 - 367. Calculate the greatest common divisor of m and 264.
33
Let n(k) = -2*k**2 - 62*k + 8. Let d be n(-30). Calculate the highest common divisor of d and 187.
17
Let j(n) = -12*n**3 - 11*n**2 + 3*n + 9. Let z be j(-4). Calculate the highest common divisor of z and 19.
19
Suppose 0 = -12*i + 56 + 856. What is the greatest common factor of 2318 and i?
38
Let w be (810/8)/(24/64). Suppose -w = -8*c + 2*c. Suppose 12*l - 234 = -l. What is the greatest common divisor of c and l?
9
Let u = 667 - 117. Let m = u - 462. Suppose 0 = 4*z - 60 - 28. What is the highest common divisor of m and z?
22
Let k = 48 - 29. Let g(y) = -11908*y**3 - 7*y**2 - 10*y. Let u be g(-2). Let x be (-2)/(-19) - (u/38)/(-12). Calculate the greatest common divisor of k and x.
19
Let x = 5464 + -5439. Calculate the highest common factor of 625 and x.
25
Let f(z) = -2*z**2 + 54*z - 70. Let v be f(23). Calculate the highest common divisor of 798 and v.
114
Let b(a) = -3*a**3 + 2*a**2 + 13*a + 9. Let d be b(-3). Calculate the highest common factor of d and 11523.
69
Let d = -38 - -42. Let h be (-212)/(-18) + (-4)/(-18). Suppose d*w - 148 = h. Calculate the highest common divisor of 100 and w.
20
Suppose 0 = -b - 1 + 5. Suppose -5*m = b*m - 207. Let w = -153 - -337. What is the greatest common factor of m and w?
23
Let s = -9475 + 14179. What is the greatest common factor of 98 and s?
98
Suppose -2*n = -n + 46 - 102. Calculate the highest common factor of 224 and n.
56
Suppose 2*h - 4*l - 448 = 0, 0*h + 224 = h + 2*l. Suppose -3*j = 5*k - 2*k - 36, 0 = -2*j - 3*k + 29. What is the greatest common factor of h and j?
7
Let f(z) = z**3 - z + 2. Let q be f(0). Let w(x) = -x**2 - 2*x - 264. Let d be w(0). Let a be d/(-42) - 6/21. Calculate the greatest common divisor of q and a.
2
Let p be 2054/(-39) + 2/3. Let f = p - -79. Let i be 2 - (2/(-3) - 9/f). Calculate the highest common factor of 27 and i.
3
Suppose -12 = 7*w + 16. Let g(m) = m**3 + 4*m**2 - 8*m - 10. Let u be g(w). Let z be 1918/u - 28/154. What is the greatest common factor of z and 29?
29
Let v(d) = d**3 - 84*d**2 + 33*d - 539. Let h be v(84). What is the highest common factor of h and 812?
203
Let j = -18630 + 25358. What is the highest common divisor of j and 12?
4
Suppose -6875 = 410*i - 150785. Let v be (-8)/(-6)*(-78)/(-4). What is the greatest common factor of i and v?
13
Suppose 0 = x + 4*w - 21, 18*x - 13*x - 105 = -4*w. Let d(v) = -7*v - 137. Let q be d(-20). Calculate the greatest common divisor of x and q.
3
Let q be (-217)/14*(-4 + 3)*2. What is the greatest common factor of q and 8153?
31
Suppose -9*x + 47840 + 12586 = 0. What is the highest common factor of x and 144?
18
Suppose -40*l + 120724 + 44978 = -58. Calculate the greatest common factor of l and 84.
28
Let u(l) = 219*l - 373. Let j be u(5). Calculate the highest common divisor of j and 114.
38
Let g be 76/9 + 4/(-9). Suppose g*j - 24 = 6*j. Suppose -5*z = -606 + 186. What is the highest common divisor of j and z?
12
Let d be -5 + 2 - (2 - 35). Let f = 54 - d. Suppose -2*k + 5*m = 9*m - 6, -5*k + 15 = -2*m. What is the highest common factor of k and f?
3
Suppose 5*y - 982 = 3*g, 5*y - 532 - 457 = -4*g. Let v = 304 - y. Let x = 155 - v. What is the highest common factor of x and 24?
24
Suppose 164384 = 174783*h - 174767*h. Calculate the greatest common divisor of 22 and h.
22
Let m(w) = 2*w**3 - 16*w**2 - 11*w + 1. Let p be m(9). Let y = 108 - p. Calculate the greatest common divisor of y and 484.
44
Suppose 519*l = 120*l + 2394. Calculate the highest common factor of l and 14850.
6
Let v(q) = -3*q + 40. Let l be v(7). Let x = 27 + l. What is the highest common factor of 23 and x?
23
Suppose 0 = -c - 4*z - 117 + 767, -3*c + 1933 = -5*z. What is the highest common divisor of c and 418?
38
Let m(h) = h**3 + h + 380. Let o be m(0). Let s = o + 82. What is the greatest common factor of 7 and s?
7
Let u(z) = -z**2 + 8*z - 3. Let v = -491 - -497. Let q be u(v). Suppose -2*t = 4*w - 150, -177 = -6*w + w + t. Calculate the highest common divisor of w and q.
9
Let v be -9*(39/(-9) - -4). Suppose j - 204 = -v*j. Let m = -21 + j. Calculate the greatest common divisor of m and 10.
10
Let l = 41045 - 40779. Let z be 2930/35 + 2/7. Calculate the greatest common factor of z and l.
14
Suppose 1017*x + 5712 = 1065*x. Let p = -70 - -155. Calculate the highest common factor of p and x.
17
Let r(s) = -s + 15. Let q be r(9). Let k be (-5 - 16)/(q/(-50)). Calculate the greatest common divisor of 25 and k.
25
Suppose 36929 = 56*w + 4673. Calculate the highest common divisor of 234 and w.
18
Suppose 616659*m - 616448*m = 18568. Let o(h) = -h**2 - h + 22. Let j be (-1 + 1 - 0)/(-2). Let s be o(j). Calculate the greatest common factor of s and m.
22
Let m(a) = 6*a**3 + 4*a**2 - 8*a - 35. Let l(q) = q**3 - q**2 - q. Let r(w) = 5*l(w) - m(w). Let j be r(-9). What is the highest common factor of 104 and j?
8
Let u be (-241)/(-3) + 3/(-9). Let g be (11/3)/(20/60). Suppose t - g = -j, 5*t - 3*t - 12 = -4*j. What is the greatest common factor of t and u?
16
Let j(s) = 141*s**3 - 2*s**2 + 5*s - 4. Let f be j(1). Let z be (37 + -7)/5 - -34. What is the highest common divisor of f and z?
20
Let b = -101 - -141. Suppose 5*t = 5 + 50. Suppose 3*g + 6*w - t*w - 1090 = 0, g + w = 358. Calculate the greatest common factor of g and b.
40
Suppose -821*w + 369*w + 5424 = 0. Let q = -1 + -6. Let g = q - -13. Calculate the highest common divisor of w and g.
6
Let q be 14/1*(-143)/(-22). Suppose -23*b + j - q = -26*b, -4*b + 5*j + 115 = 0. Suppose o + 225 = 6*o. Calculate the greatest common divisor of o and b.
15
Let m = 28170 + -27900. Suppose -5*f = 4*r - 42, -3*f + 56 = 2*f - 3*r. Calculate the greatest common divisor of f and m.
10
Suppose 0 = u + 6*l - 2*l - 36, -5*l = u - 40. Calculate the greatest common factor of u and 17420.
20
Suppose -30389 = -2*a - 30227. Calculate the greatest common divisor of a and 270.
27
Suppose -15*h = -2724 - 1731. Let y be (-21)/(-84) + 646/8. Calculate the highest common divisor of h and y.
27
Suppose -3*n + 255 = 5*a - 319, -4*a = 5*n - 454. What is the greatest common divisor of a and 11890?
58
Let l be -2*(-1)/(-5) - 75/125. Let o(h) = 3*h**3 - 2*h**2 - 2*h - 1. Let a be o(l). Let s be 2*(450/a)/(-9). What is the greatest common divisor of 200 and s?
25
Suppose -f - 4*r = -912, 10398*r = 4*f + 10399*r - 3933. Let x be 2/4*0 - -76. Calculate the greatest common factor of f and x.
76
Let m be (-1)/2*(306 + -396). What is the greatest common factor of 54 and m?
9
Let t(h) = h**3 + 10*h**2 - 46*h - 22. Let m be ((-39)/15)/((-6)/15)*-2. Let y be t(m). What is the greatest common factor of 207 and y?
69
Let x be (2/(-4))/((-9)/306) - 2. Let s be ((-4)/(-6) - 1)/((-11)/462). Suppose -x*q + s*q = -56. Calculate the greatest common divisor of q and 7.
7
Suppose u - 5*w - 13 = 0, -3*w = -5*u + 4 + 17. Suppose 4*s = 5 + u, 5*b = s + 88. Calculate the highest common factor of b and 144.
18
Suppose 5*p - 979 = -33*p - 219. Let b(m) be the third derivative of -7*m**4/24 + m**3/3 + m**2. Let g be b(-4). What is the greatest common divisor of g and p?
10
Suppose -w + 20 = -5*p, -w + p + 20 = -16. Suppose -65*z - w = -66*z. Calculate the highest common factor of 480 and z.
40
Let y(j) = -3*j**2 - 16*j + 22. Let r be y(-13). Let t = r - -432. What is the greatest common factor of t and 5?
5
Let k be ((-1376)/387)/(2/(-108)). What is the greatest common factor of 9888 and k?
96
Suppose -6 = -2*v - 4*a + 28, 0 = -4*v - 2*a + 44. Suppose 22*k - 351 = v*k. What is the highest common factor of 6 and k?
3
Suppose z = 3*d + 624, -3*z + 2*d 